
Let a(b) = -b**3 - 4*b**2 - 9*b + 6. Let j be a(-7). Let u = 114 + -48. Let f = u - 39. What is the greatest common divisor of f and j?
27
Let c be ((-10)/(-8))/(2/40). Let r(p) = p**3 - 11*p**2 - p - 7. Let y be r(11). Let h be (1500/y)/(4/(-6)). What is the greatest common factor of c and h?
25
Suppose 63*z = 75*z - 7776. Calculate the greatest common divisor of z and 72.
72
Suppose 5*w - 2 - 3 = 0. Suppose -i - w = 5. Let c be (189/i)/(-9)*2. Calculate the greatest common divisor of c and 7.
7
Suppose -11*b + 1005 - 235 = 0. Calculate the greatest common factor of b and 280.
70
Let p be (-124)/(-3) - ((-55)/33 - -1). Calculate the greatest common factor of 952 and p.
14
Let a = -40 - -36. Let h(b) = b**2 - b - 9. Let k be h(a). Calculate the highest common divisor of k and 22.
11
Let j be ((-13)/(-3))/(14/(-378)). Let k = j - -202. Calculate the greatest common factor of k and 17.
17
Let t(u) = -u**3 + 4*u**2 + 2. Let y(w) = -w - 8. Let r be y(-11). Let p be t(r). Let k = p - 9. Calculate the highest common factor of 2 and k.
2
Suppose 5*q - u = u + 31, 0 = 3*q - 4*u - 13. Let l(z) = z + 15. Let c be l(q). What is the highest common factor of 99 and c?
11
Suppose -7*n + 114 - 37 = 0. Suppose -4*i = 0, 19 = 3*v + i - n. Let m = v + 2. Calculate the highest common divisor of m and 12.
12
Let k(r) = 46*r**2 + 3*r + 2. Let j be k(-3). What is the highest common factor of j and 74?
37
Let r be (24/(-5))/(72/(-1920)). Suppose -5*b = 3*b - r. What is the greatest common divisor of b and 40?
8
Suppose -x = 3*w - 5, -x + 0 - 1 = -3*w. Let q be 6 + (w - (-5)/5). What is the highest common divisor of 2 and q?
2
Suppose -23*i - 2793 = -5*u - 26*i, -581 = -u + 5*i. What is the highest common factor of u and 22?
11
Suppose 3*a - 4*a - 22 = -4*o, 3*o = 5*a + 25. Suppose 23 = 3*z - 0*z + 4*m, -o*m + 13 = 2*z. What is the greatest common factor of 6 and z?
3
Suppose -1428 = -51*l - 0*l. What is the highest common divisor of 28 and l?
28
Let g(b) = -b**3 - b**2 + 8*b + 9. Let j be g(-6). Suppose 7*p - 9*p = a - j, 0 = -3*p + 9. Calculate the greatest common factor of a and 27.
27
Let f = 27 + -15. Let b be (-1 - -69)*(45/f - 2). What is the greatest common divisor of 17 and b?
17
Suppose -3*m + 10 = 4*r - 138, 4*m + 4*r - 204 = 0. What is the highest common divisor of m and 32?
8
Let t = 33 + 9. Let k = -4 + t. Let z be 19*2/4*2. Calculate the greatest common factor of z and k.
19
Let m = 36 + -28. Let p = -20 - -20. Suppose -3*x - 3*b + 4*b + 169 = p, 109 = 2*x + 3*b. What is the highest common factor of m and x?
8
Suppose 55 - 99 = -11*f. What is the greatest common divisor of f and 100?
4
Suppose 2*m - 18 = -3*j + 60, -2*m - 4*j = -76. Calculate the greatest common divisor of 48 and m.
6
Let j = 348 - 339. Suppose 3*p - 2*q - 239 = 0, 72 = 5*p - 5*q - 323. Calculate the highest common factor of j and p.
9
Suppose 0*m + 94 = 3*w + 4*m, -5*m - 6 = -w. What is the highest common factor of w and 338?
26
Let u(s) = s**3 + 12*s**2 + 17*s + 3. Let d be u(-8). Calculate the highest common divisor of 369 and d.
123
Let x(v) = -4*v**2 - 18*v - 4. Let a be x(-4). Suppose -a*i + 34 = -26. What is the highest common divisor of 120 and i?
15
Let k be 2/((-22)/(-3113)) + (-8)/2. What is the highest common divisor of k and 18?
9
Suppose -4*c + 1 = -11. Suppose -c*l - 17 = -2*o, l - 41 = -4*o - 0*o. Let m be o/(-30) + (-13)/(-3). What is the greatest common factor of 32 and m?
4
Let u = -8 + 27. Let c = -11 + u. Let a = 5 + 3. What is the highest common factor of c and a?
8
Let i be -7 - (-2)/((-6)/(-207)). What is the highest common factor of 434 and i?
62
Suppose -3*c - 251 = -7*c - 3*w, 270 = 5*c - 5*w. Let h = -38 + c. Calculate the highest common divisor of 7 and h.
7
Let s = 14 + -8. Let h be 33/((-4)/((-16)/s)). Suppose -2*r = -3*a - 408, -3*a = -3*r + 133 + 473. What is the greatest common factor of r and h?
22
Suppose 2*s = f + 25, -2*s - f = -0*f - 19. Suppose 0 = 5*b + 4*j - 283, 0 = 5*b - 2*b + j - 167. What is the greatest common divisor of b and s?
11
Let d(o) = 3*o**2 - 12*o + 18. Let l be d(2). Calculate the greatest common factor of l and 27.
3
Let x(p) = 11*p**2 + 27*p - 81. Let a be x(3). What is the highest common divisor of a and 198?
99
Let y(v) = 16*v + 86. Let d be y(-4). What is the greatest common divisor of 319 and d?
11
Let r(y) = y**3 - 30*y**2 + 29*y + 52. Let z be r(29). Calculate the greatest common factor of 91 and z.
13
Let d = -384 + 408. What is the highest common factor of d and 42?
6
Suppose 5*j - 456 = j. What is the greatest common divisor of j and 285?
57
Suppose 0 = -3*k + 2*b + 687, 7*k = 6*k + b + 228. What is the greatest common factor of 21 and k?
21
Let h = -126 - 25. Let x = -67 - h. Calculate the greatest common divisor of x and 12.
12
Suppose 0 = -5*p - 2*c + 285, -17*p - 3*c - 205 = -21*p. What is the greatest common factor of 33 and p?
11
Let g be (-37 - 0)/((8 + -4)/(-4)). Suppose -39*w + g*w = -68. What is the highest common divisor of 17 and w?
17
Suppose -5*d - 66 = -291. Suppose 0 = -3*h + d + 315. Suppose -z = -5 - 10. Calculate the highest common factor of z and h.
15
Let t(r) = 4*r - 10. Let a be t(5). Suppose -4*g + 3*g = -a. Calculate the highest common factor of 100 and g.
10
Let z be (-4)/(-8)*(13 + -3 - 0). Suppose -s + 120 = -0*s + 3*a, -5*a = z*s - 600. What is the greatest common divisor of s and 24?
24
Let v = 902 - 866. What is the highest common divisor of 60 and v?
12
Let s be 0 - 28/(-10)*(-75)/10. Let g = s + 149. What is the greatest common divisor of 8 and g?
8
Suppose 0 = -2*m - 7*p + 4*p + 531, -2*p + 530 = 2*m. Let u = -45 - -78. Calculate the highest common factor of u and m.
33
Let n be -2*66/(-4) - -3. Let i = n + -26. Suppose j - 165 = -j + 3*u, 2*j - 4*u = 160. What is the greatest common divisor of i and j?
10
Let k(y) be the first derivative of 7*y**2 - 8*y + 40. Let j be k(4). Calculate the greatest common factor of j and 120.
24
Let d be 4*(-5)/10 + 60. Let t = 82 - d. Calculate the greatest common divisor of t and 4.
4
Suppose 0 = -2*s + 4, 5*y = 6*s - 2*s + 17. What is the highest common divisor of y and 255?
5
Let x be 3/((-3)/2)*(0 - 40). Suppose v - x = w, -5*v + 4*v + 92 = 5*w. Calculate the highest common factor of 41 and v.
41
Let f be (-56)/112*1/((-2)/32). Suppose 284 - 884 = -5*v. Calculate the highest common factor of f and v.
8
Let v = -455 + 591. What is the greatest common factor of 170 and v?
34
Suppose 4*l - 6 = -0*w - w, -2*l - 3*w = 2. Let n be (60/8)/5*10. Let o = n - l. Calculate the greatest common divisor of o and 39.
13
Suppose 0*o - o = 5*x - 2560, -4*x + 2048 = 3*o. Suppose -8*p - x = -24*p. Suppose -l + 16 = -0*l. Calculate the greatest common divisor of l and p.
16
Suppose 2910 = 5*x + 5*h, 1170 = 2*x - 0*x - h. What is the highest common divisor of 8 and x?
8
Let h be 6/4*(-4 - (-56)/6). Suppose 233 = h*a + 9. What is the highest common divisor of a and 42?
14
Let l = 448 - 413. What is the greatest common factor of l and 15?
5
Suppose -3*c - 4*s + 553 = 0, -9*s - 547 = -3*c - 7*s. Calculate the highest common divisor of c and 671.
61
Suppose 176 = 3*g + 56. Let v be (2 - (-40)/(-12))*54/(-4). Suppose 4*y - v - 22 = 0. Calculate the highest common divisor of y and g.
10
Let o = 128 + -92. Suppose o*r + 16 = 38*r. What is the highest common factor of r and 2?
2
Let l(g) be the first derivative of -g**2/2 - g + 10. Let a be l(-5). Let t be a/3*9/6. Calculate the highest common factor of 10 and t.
2
Let y(z) = -z**2 - 33*z - 71. Let b be y(-30). Let v be (-2 - -4)*76/8. What is the highest common divisor of v and b?
19
Suppose t - 772 = -596. What is the highest common factor of 22 and t?
22
Let h be (42/(-8))/((-1)/4). Let j = h + -9. Suppose 25 + 167 = 2*b. What is the greatest common divisor of j and b?
12
Let w = 6 + 54. Suppose -62*g + 89*g = 324. Calculate the greatest common factor of g and w.
12
Let u(g) = -5*g + g**2 - 8 - 7*g + 3*g. Let j be -22*((-14)/(-4) - 4). Let q be u(j). Calculate the highest common divisor of 21 and q.
7
Let p be (-11)/(44/24) - 0. Let w be (-22)/p - 3/(-9). Suppose 3*d + w*u - 12 = 31, -2*u = -2. What is the highest common divisor of d and 26?
13
Let b(w) be the third derivative of w**5/12 - w**4/4 - 2*w**3 + 15*w**2. 